{"id":34,"date":"2025-01-06T12:35:26","date_gmt":"2025-01-06T11:35:26","guid":{"rendered":"https:\/\/www.fytofem.cz\/meno-forte\/?page_id=34"},"modified":"2025-01-08T08:55:17","modified_gmt":"2025-01-08T07:55:17","slug":"jak-uzivat","status":"publish","type":"page","link":"https:\/\/www.fytofem.cz\/menoforte\/jak-uzivat\/","title":{"rendered":"Jak u\u017e\u00edvat"},"content":{"rendered":"<section  class='av_textblock_section av-av_textblock-976435105af201a29d62f5202a64ccda '   itemscope=\"itemscope\" itemtype=\"https:\/\/schema.org\/CreativeWork\" ><div class='avia_textblock'  itemprop=\"text\" ><p><strong>DOPORU\u010cEN\u00c9 D\u00c1VKOV\u00c1N\u00cd:<\/strong><\/p>\n<p>V\u00fdrobek je ur\u010den dosp\u011bl\u00fdm \u017een\u00e1m od 40 let v\u011bku. U\u017e\u00edvejte 1 tabletu denn\u011b a zap\u00edjejte vodou. Pro do\u010dasn\u00fd maxim\u00e1ln\u00ed efekt lze vz\u00edt 2 tablety denn\u011b (1 r\u00e1no a 1 ve\u010der). Nep\u0159ekra\u010dujte doporu\u010den\u00e9 d\u00e1vkov\u00e1n\u00ed. Neu\u017e\u00edvejte v p\u0159\u00edpad\u011b p\u0159ecitliv\u011blosti na n\u011bkterou slo\u017eku. P\u0159\u00edpravek nen\u00ed n\u00e1hradou pestr\u00e9 stravy. Nen\u00ed ur\u010deno pro d\u011bti do 3 let.<\/p>\n<\/div><\/section>\n\n<style type=\"text\/css\" data-created_by=\"avia_inline_auto\" id=\"style-css-av-m5nlrekv-db23ddc4a8a8a9385b0f59420e0c45a9\">\n.avia-image-container.av-m5nlrekv-db23ddc4a8a8a9385b0f59420e0c45a9 img.avia_image{\nbox-shadow:none;\n}\n.avia-image-container.av-m5nlrekv-db23ddc4a8a8a9385b0f59420e0c45a9 .av-image-caption-overlay-center{\ncolor:#ffffff;\n}\n<\/style>\n<div  class='avia-image-container av-m5nlrekv-db23ddc4a8a8a9385b0f59420e0c45a9 av-styling- avia-align-center'   itemprop=\"image\" itemscope=\"itemscope\" itemtype=\"https:\/\/schema.org\/ImageObject\" ><div class=\"avia-image-container-inner\"><div class=\"avia-image-overlay-wrap\"><img decoding=\"async\" fetchpriority=\"high\" class='wp-image-53 avia-img-lazy-loading-not-53 avia_image ' src=\"https:\/\/www.fytofem.cz\/menoforte\/wp-content\/uploads\/sites\/10\/2025\/01\/Fytofem_menoforte_3D_90-300x226.webp\" alt='' title='Fytofem_menoforte_3D_90'  height=\"226\" width=\"300\"  itemprop=\"thumbnailUrl\" srcset=\"https:\/\/www.fytofem.cz\/menoforte\/wp-content\/uploads\/sites\/10\/2025\/01\/Fytofem_menoforte_3D_90-300x226.webp 300w, https:\/\/www.fytofem.cz\/menoforte\/wp-content\/uploads\/sites\/10\/2025\/01\/Fytofem_menoforte_3D_90-1030x775.webp 1030w, https:\/\/www.fytofem.cz\/menoforte\/wp-content\/uploads\/sites\/10\/2025\/01\/Fytofem_menoforte_3D_90-768x578.webp 768w, https:\/\/www.fytofem.cz\/menoforte\/wp-content\/uploads\/sites\/10\/2025\/01\/Fytofem_menoforte_3D_90-1536x1156.webp 1536w, https:\/\/www.fytofem.cz\/menoforte\/wp-content\/uploads\/sites\/10\/2025\/01\/Fytofem_menoforte_3D_90-1500x1129.webp 1500w, https:\/\/www.fytofem.cz\/menoforte\/wp-content\/uploads\/sites\/10\/2025\/01\/Fytofem_menoforte_3D_90-705x530.webp 705w, https:\/\/www.fytofem.cz\/menoforte\/wp-content\/uploads\/sites\/10\/2025\/01\/Fytofem_menoforte_3D_90.webp 1769w\" sizes=\"(max-width: 300px) 100vw, 300px\" \/><\/div><\/div><\/div>\n","protected":false},"excerpt":{"rendered":"","protected":false},"author":1,"featured_media":0,"parent":0,"menu_order":0,"comment_status":"closed","ping_status":"closed","template":"","meta":{"_acf_changed":false,"footnotes":""},"class_list":["post-34","page","type-page","status-publish","hentry"],"acf":[],"_links":{"self":[{"href":"https:\/\/www.fytofem.cz\/menoforte\/wp-json\/wp\/v2\/pages\/34","targetHints":{"allow":["GET"]}}],"collection":[{"href":"https:\/\/www.fytofem.cz\/menoforte\/wp-json\/wp\/v2\/pages"}],"about":[{"href":"https:\/\/www.fytofem.cz\/menoforte\/wp-json\/wp\/v2\/types\/page"}],"author":[{"embeddable":true,"href":"https:\/\/www.fytofem.cz\/menoforte\/wp-json\/wp\/v2\/users\/1"}],"replies":[{"embeddable":true,"href":"https:\/\/www.fytofem.cz\/menoforte\/wp-json\/wp\/v2\/comments?post=34"}],"version-history":[{"count":5,"href":"https:\/\/www.fytofem.cz\/menoforte\/wp-json\/wp\/v2\/pages\/34\/revisions"}],"predecessor-version":[{"id":66,"href":"https:\/\/www.fytofem.cz\/menoforte\/wp-json\/wp\/v2\/pages\/34\/revisions\/66"}],"wp:attachment":[{"href":"https:\/\/www.fytofem.cz\/menoforte\/wp-json\/wp\/v2\/media?parent=34"}],"curies":[{"name":"wp","href":"https:\/\/api.w.org\/{rel}","templated":true}]}}