{"id":94,"date":"2025-06-24T09:05:10","date_gmt":"2025-06-24T07:05:10","guid":{"rendered":"https:\/\/www.fytofem.cz\/menoforte\/?page_id=94"},"modified":"2025-06-24T09:10:14","modified_gmt":"2025-06-24T07:10:14","slug":"zasady-ochrany-osobnich-udaju","status":"publish","type":"page","link":"https:\/\/www.fytofem.cz\/menoforte\/zasady-ochrany-osobnich-udaju\/","title":{"rendered":"Z\u00e1sady ochrany osobn\u00edch \u00fadaj\u016f"},"content":{"rendered":"<h1><b>Z\u00c1SADY OCHRANY OSOBN\u00cdCH \u00daDAJ\u016e<\/b><\/h1>\n<h2>I.\u00a0Z\u00c1KLADN\u00cd USTANOVEN\u00cd<\/h2>\n<p>Spr\u00e1vcem osobn\u00edch \u00fadaj\u016f podle \u010dl. 4 bod 7 na\u0159\u00edzen\u00ed Evropsk\u00e9ho parlamentu a Rady (EU) 2016\/679 o ochran\u011b fyzick\u00fdch osob v souvislosti se zpracov\u00e1n\u00edm osobn\u00edch \u00fadaj\u016f a o voln\u00e9m pohybu t\u011bchto \u00fadaj\u016f (d\u00e1le jen: \u201eGDPR\u201d) je Onapharm, s.r.o., \u00a0I\u010c 27985547 se s\u00eddlem Perlitov\u00e1 1799\/10, Kr\u010d, 140 00 Praha 4\u00a0(d\u00e1le jen: \u201espr\u00e1vce\u201c).<\/p>\n<p>Kontaktn\u00ed \u00fadaje spr\u00e1vce jsou<\/p>\n<p>adresa: Perlitov\u00e1 1799\/10, Kr\u010d, 140 00 Praha 4<\/p>\n<p>email:<a href=\"mailto:info@onapharm.cz\">\u00a0info@onapharm.cz<\/a><\/p>\n<p>telefon: +420 737 046 241<\/p>\n<p>Osobn\u00edmi \u00fadaji se rozum\u00ed ve\u0161ker\u00e9 informace o identifikovan\u00e9 nebo identifikovateln\u00e9 fyzick\u00e9 osob\u011b; identifikovatelnou fyzickou osobou je fyzick\u00e1 osoba, kterou lze p\u0159\u00edmo \u010di nep\u0159\u00edmo identifikovat, zejm\u00e9na odkazem na ur\u010dit\u00fd identifik\u00e1tor, nap\u0159\u00edklad jm\u00e9no, identifika\u010dn\u00ed \u010d\u00edslo, loka\u010dn\u00ed \u00fadaje, s\u00ed\u0165ov\u00fd identifik\u00e1tor nebo na jeden \u010di v\u00edce zvl\u00e1\u0161tn\u00edch prvk\u016f fyzick\u00e9, fyziologick\u00e9, genetick\u00e9, psychick\u00e9, ekonomick\u00e9, kulturn\u00ed nebo spole\u010densk\u00e9 identity t\u00e9to fyzick\u00e9 osoby.<br \/>\nSpr\u00e1vce nejmenoval \u00a0pov\u011b\u0159ence pro ochranu osobn\u00edch \u00fadaj\u016f.<\/p>\n<h2>II.\u00a0ZDROJE A KATEGORIE ZPRACOV\u00c1VAN\u00ddCH OSOBN\u00cdCH \u00daDAJ\u016e<\/h2>\n<p>Spr\u00e1vce zpracov\u00e1v\u00e1 osobn\u00ed \u00fadaje, kter\u00e9 jste mu poskytl\/a nebo osobn\u00ed \u00fadaje, kter\u00e9 spr\u00e1vce z\u00edskal na z\u00e1klad\u011b zpracov\u00e1n\u00ed V\u00e1mi zaslan\u00fdch dotaz\u016f.<br \/>\nSpr\u00e1vce zpracov\u00e1v\u00e1 Va\u0161e identifika\u010dn\u00ed a kontaktn\u00ed \u00fadaje a \u00fadaje nezbytn\u00e9 pro zpracov\u00e1n\u00ed V\u00e1mi zaslan\u00fdch dotaz\u016f.<\/p>\n<h2>III.\u00a0Z\u00c1KONN\u00dd D\u016eVOD A \u00da\u010cEL ZPRACOV\u00c1N\u00cd OSOBN\u00cdCH \u00daDAJ\u016e<\/h2>\n<p>Z\u00e1konn\u00fdm d\u016fvodem zpracov\u00e1n\u00ed osobn\u00edch \u00fadaj\u016f je<\/p>\n<ul>\n<li>pln\u011bn\u00ed smlouvy mezi V\u00e1mi a\u00a0spr\u00e1vcem podle \u010dl. 6 odst. 1 p\u00edsm. b) GDPR,<\/li>\n<li>opr\u00e1vn\u011bn\u00fd z\u00e1jem spr\u00e1vce na poskytov\u00e1n\u00ed p\u0159\u00edm\u00e9ho marketingu (zejm\u00e9na pro zas\u00edl\u00e1n\u00ed obchodn\u00edch sd\u011blen\u00ed a newsletter\u016f) podle \u010dl. 6 odst. 1 p\u00edsm. f) GDPR,<\/li>\n<li>V\u00e1\u0161 souhlas se zpracov\u00e1n\u00edm pro \u00fa\u010dely poskytov\u00e1n\u00ed p\u0159\u00edm\u00e9ho marketingu (zejm\u00e9na pro zas\u00edl\u00e1n\u00ed obchodn\u00edch sd\u011blen\u00ed a newsletter\u016f) podle \u010dl. 6 odst. 1 p\u00edsm. a) GDPR ve spojen\u00ed s \u00a7 7 odst. 2 z\u00e1kona \u010d. 480\/2004 Sb., o n\u011bkter\u00fdch slu\u017eb\u00e1ch informa\u010dn\u00ed spole\u010dnosti v\u00a0p\u0159\u00edpad\u011b, \u017ee nedo\u0161lo k\u00a0objedn\u00e1vce zbo\u017e\u00ed nebo slu\u017eby.<\/li>\n<\/ul>\n<p>\u00da\u010delem zpracov\u00e1n\u00ed osobn\u00edch \u00fadaj\u016f je<\/p>\n<ul>\n<li>Spr\u00e1vn\u00e9 zodpov\u011bzen\u00ed a zobrazen\u00ed Va\u0161eho dotazu a v\u00fdkon pr\u00e1v a povinnost\u00ed vypl\u00fdvaj\u00edc\u00edch ze smluvn\u00edho\u00a0vztahu mezi V\u00e1mi a spr\u00e1vcem; p\u0159i pokl\u00e1d\u00e1n\u00ed dotazu jsou vy\u017eadov\u00e1ny osobn\u00ed \u00fadaje, kter\u00e9 jsou nutn\u00e9 pro spr\u00e1vn\u00e9 zodpov\u011bzen\u00ed a zobrazen\u00ed Va\u0161eho dotazu (p\u0159ezd\u00edvka, v\u011bk), bez poskytnut\u00ed osobn\u00edch \u00fadaj\u016f nen\u00ed Va\u0161e dotazy zodpov\u011bd\u011bt a zpracovat.<\/li>\n<li>Zas\u00edl\u00e1n\u00ed obchodn\u00edch sd\u011blen\u00ed a \u010din\u011bn\u00ed dal\u0161\u00edch marketingov\u00fdch aktivit.<\/li>\n<\/ul>\n<p>Ze strany spr\u00e1vce nedoch\u00e1z\u00ed k\u00a0automatick\u00e9mu individu\u00e1ln\u00edmu rozhodov\u00e1n\u00ed ve\u00a0smyslu \u010dl. 22 GDPR. S\u00a0takov\u00fdm zpracov\u00e1n\u00edm jste poskytl\/a sv\u016fj v\u00fdslovn\u00fd souhlas.<\/p>\n<h2>IV.\u00a0DOBA UCHOV\u00c1V\u00c1N\u00cd \u00daDAJ\u016e<\/h2>\n<p>Spr\u00e1vce uchov\u00e1v\u00e1 osobn\u00ed \u00fadaje<\/p>\n<ul>\n<li>po dobu nezbytnou k v\u00fdkonu pr\u00e1v a povinnost\u00ed vypl\u00fdvaj\u00edc\u00edch ze smluvn\u00edho vztahu mezi V\u00e1mi a spr\u00e1vcem a uplat\u0148ov\u00e1n\u00ed n\u00e1rok\u016f z t\u011bchto smluvn\u00edch vztah\u016f (po dobu 15 let od ukon\u010den\u00ed smluvn\u00edho vztahu).<\/li>\n<li>po dobu, ne\u017e je odvol\u00e1n souhlas se zpracov\u00e1n\u00edm osobn\u00edch \u00fadaj\u016f pro \u00fa\u010dely marketingu, nejd\u00e9le 5 let, jsou-li osobn\u00ed \u00fadaje zpracov\u00e1v\u00e1ny na z\u00e1klad\u011b souhlasu.<\/li>\n<\/ul>\n<p>Po uplynut\u00ed doby uchov\u00e1v\u00e1n\u00ed osobn\u00edch \u00fadaj\u016f spr\u00e1vce osobn\u00ed \u00fadaje vyma\u017ee.<\/p>\n<h2>V.\u00a0P\u0158\u00cdJEMCI OSOBN\u00cdCH \u00daDAJ\u016e (SUBDODAVATEL\u00c9 SPR\u00c1VCE)<\/h2>\n<p>P\u0159\u00edjemci osobn\u00edch \u00fadaj\u016f jsou osoby<\/p>\n<ul>\n<li>pod\u00edlej\u00edc\u00ed se na zaji\u0161t\u011bn\u00ed provozu slu\u017eeb,<\/li>\n<li>zaji\u0161\u0165uj\u00edc\u00ed marketingov\u00e9 slu\u017eby.<\/li>\n<\/ul>\n<p>Spr\u00e1vce nem\u00e1 v \u00famyslu p\u0159edat osobn\u00ed \u00fadaje do t\u0159et\u00ed zem\u011b (do zem\u011b mimo EU) nebo mezin\u00e1rodn\u00ed organizaci.<span class=\"Apple-converted-space\">\u00a0<\/span><\/p>\n<h2>VI.\u00a0VA\u0160E PR\u00c1VA<\/h2>\n<p>Za podm\u00ednek stanoven\u00fdch v\u00a0GDPR m\u00e1te<\/p>\n<ul>\n<li>pr\u00e1vo na p\u0159\u00edstup ke sv\u00fdm osobn\u00edm \u00fadaj\u016fm dle \u010dl. 15 GDPR,<\/li>\n<li>pr\u00e1vo na opravu osobn\u00edch \u00fadaj\u016f dle \u010dl. 16 GDPR, pop\u0159\u00edpad\u011b omezen\u00ed zpracov\u00e1n\u00ed dle \u010dl. 18 GDPR.<\/li>\n<li>pr\u00e1vo na v\u00fdmaz osobn\u00edch \u00fadaj\u016f dle \u010dl. 17 GDPR.<\/li>\n<li>pr\u00e1vo vzn\u00e9st n\u00e1mitku proti zpracov\u00e1n\u00ed dle \u010dl. 21 GDPR a<\/li>\n<li>pr\u00e1vo na p\u0159enositelnost \u00fadaj\u016f dle \u010dl. 20 GDPR.<\/li>\n<li>pr\u00e1vo odvolat souhlas se zpracov\u00e1n\u00edm p\u00edsemn\u011b nebo elektronicky na adresu nebo<\/li>\n<\/ul>\n<p>D\u00e1le m\u00e1te pr\u00e1vo podat st\u00ed\u017enost u \u00da\u0159adu pro ochranu osobn\u00edch \u00fadaj\u016f v p\u0159\u00edpad\u011b, \u017ee se domn\u00edv\u00e1te, \u017ee bylo poru\u0161eno Va\u0161\u00ed pr\u00e1vo na ochranu osobn\u00edch \u00fadaj\u016f.<\/p>\n<h2>VII.\u00a0PODM\u00cdNKY ZABEZPE\u010cEN\u00cd OSOBN\u00cdCH \u00daDAJ\u016e<\/h2>\n<p>Spr\u00e1vce prohla\u0161uje, \u017ee p\u0159ijal ve\u0161ker\u00e1 vhodn\u00e1 technick\u00e1 a organiza\u010dn\u00ed opat\u0159en\u00ed k\u00a0zabezpe\u010den\u00ed osobn\u00edch \u00fadaj\u016f.<\/p>\n<p>Spr\u00e1vce p\u0159ijal technick\u00e1 opat\u0159en\u00ed k\u00a0zabezpe\u010den\u00ed datov\u00fdch \u00falo\u017ei\u0161\u0165 a \u00falo\u017ei\u0161\u0165 osobn\u00edch \u00fadaj\u016f v\u00a0listinn\u00e9 podob\u011b, zejm\u00e9na \u00a0pou\u017eit\u00ed bezpe\u010dn\u00e9 ulo\u017een\u00ed z\u00e1loh, bezpe\u010dn\u00e1 p\u0159\u00edstupov\u00e1 hesla<\/p>\n<p>Spr\u00e1vce prohla\u0161uje, \u017ee k\u00a0osobn\u00edm \u00fadaj\u016fm maj\u00ed p\u0159\u00edstup pouze j\u00edm pov\u011b\u0159en\u00e9 osoby.<\/p>\n<h2>VIII.\u00a0Z\u00c1V\u011aRE\u010cN\u00c1 USTANOVEN\u00cd<\/h2>\n<p>Odesl\u00e1n\u00edm dotazu z webov\u00e9ho formul\u00e1\u0159e potvrzujete, \u017ee jste sezn\u00e1men\/a s podm\u00ednkami ochrany osobn\u00edch \u00fadaj\u016f a \u017ee je v cel\u00e9m rozsahu p\u0159ij\u00edm\u00e1te.<\/p>\n<p>Spr\u00e1vce je opr\u00e1vn\u011bn tyto podm\u00ednky zm\u011bnit. Novou verzi podm\u00ednek ochrany osobn\u00edch \u00fadaj\u016f zve\u0159ejn\u00ed na sv\u00fdch internetov\u00fdch str\u00e1nk\u00e1ch, p\u0159\u00edpadn\u011b V\u00e1m za\u0161le novou verzi t\u011bchto podm\u00ednek na e-mailovou adresu, kterou jste spr\u00e1vci poskytl\/a.<\/p>\n<p>Tyto podm\u00ednky nab\u00fdvaj\u00ed \u00fa\u010dinnosti dnem 28.2.2024<\/p>\n","protected":false},"excerpt":{"rendered":"<p>Z\u00c1SADY OCHRANY OSOBN\u00cdCH \u00daDAJ\u016e I.\u00a0Z\u00c1KLADN\u00cd USTANOVEN\u00cd Spr\u00e1vcem osobn\u00edch \u00fadaj\u016f podle \u010dl. 4 bod 7 na\u0159\u00edzen\u00ed Evropsk\u00e9ho parlamentu a Rady (EU) 2016\/679 o ochran\u011b fyzick\u00fdch osob v souvislosti se zpracov\u00e1n\u00edm osobn\u00edch \u00fadaj\u016f a o voln\u00e9m pohybu t\u011bchto \u00fadaj\u016f (d\u00e1le jen: \u201eGDPR\u201d) je Onapharm, s.r.o., \u00a0I\u010c 27985547 se s\u00eddlem Perlitov\u00e1 1799\/10, Kr\u010d, 140 00 Praha 4\u00a0(d\u00e1le jen: [&hellip;]<\/p>\n","protected":false},"author":1,"featured_media":0,"parent":0,"menu_order":0,"comment_status":"closed","ping_status":"closed","template":"","meta":{"_acf_changed":false,"footnotes":""},"class_list":["post-94","page","type-page","status-publish","hentry"],"acf":[],"_links":{"self":[{"href":"https:\/\/www.fytofem.cz\/menoforte\/wp-json\/wp\/v2\/pages\/94","targetHints":{"allow":["GET"]}}],"collection":[{"href":"https:\/\/www.fytofem.cz\/menoforte\/wp-json\/wp\/v2\/pages"}],"about":[{"href":"https:\/\/www.fytofem.cz\/menoforte\/wp-json\/wp\/v2\/types\/page"}],"author":[{"embeddable":true,"href":"https:\/\/www.fytofem.cz\/menoforte\/wp-json\/wp\/v2\/users\/1"}],"replies":[{"embeddable":true,"href":"https:\/\/www.fytofem.cz\/menoforte\/wp-json\/wp\/v2\/comments?post=94"}],"version-history":[{"count":2,"href":"https:\/\/www.fytofem.cz\/menoforte\/wp-json\/wp\/v2\/pages\/94\/revisions"}],"predecessor-version":[{"id":98,"href":"https:\/\/www.fytofem.cz\/menoforte\/wp-json\/wp\/v2\/pages\/94\/revisions\/98"}],"wp:attachment":[{"href":"https:\/\/www.fytofem.cz\/menoforte\/wp-json\/wp\/v2\/media?parent=94"}],"curies":[{"name":"wp","href":"https:\/\/api.w.org\/{rel}","templated":true}]}}